rs of 279564?
2, 3, 23297
What are the prime factors of 5654335?
5, 47, 24061
List the prime factors of 1913653.
7, 167, 1637
List the prime factors of 141412.
2, 35353
List the prime factors of 370825.
5, 7, 13, 163
What are the prime factors of 34559608?
2, 4319951
What are the prime factors of 8204892?
2, 3, 139, 4919
List the prime factors of 14061944.
2, 13, 135211
What are the prime factors of 808505?
5, 101, 1601
List the prime factors of 12414.
2, 3, 2069
List the prime factors of 195360.
2, 3, 5, 11, 37
List the prime factors of 304540.
2, 5, 15227
List the prime factors of 850007.
241, 3527
What are the prime factors of 894478?
2, 13, 34403
What are the prime factors of 135319?
135319
What are the prime factors of 3642687?
3, 37, 10939
What are the prime factors of 159320?
2, 5, 7, 569
What are the prime factors of 5033233?
19, 97, 2731
What are the prime factors of 882301?
7, 241, 523
What are the prime factors of 2014545?
3, 5, 13, 10331
List the prime factors of 106145.
5, 13, 23, 71
List the prime factors of 3373909.
7, 11, 43, 1019
List the prime factors of 17616283.
43, 229, 1789
List the prime factors of 4335277.
283, 15319
What are the prime factors of 392610?
2, 3, 5, 23, 569
What are the prime factors of 1251681?
3, 417227
List the prime factors of 462175.
5, 7, 19, 139
What are the prime factors of 348962?
2, 174481
List the prime factors of 307971.
3, 19, 1801
What are the prime factors of 16764849?
3, 1862761
What are the prime factors of 406190?
2, 5, 151, 269
List the prime factors of 217430.
2, 5, 17, 1279
What are the prime factors of 8014397?
83, 223, 433
What are the prime factors of 1048819?
19, 55201
List the prime factors of 4609578.
2, 3, 768263
List the prime factors of 10829263.
467, 23189
What are the prime factors of 13546872?
2, 3, 59, 1063
What are the prime factors of 569361?
3, 13, 1123
List the prime factors of 1091866.
2, 545933
What are the prime factors of 5503644?
2, 3, 152879
What are the prime factors of 130543?
7, 17, 1097
List the prime factors of 3496543.
17, 89, 2311
List the prime factors of 252419.
252419
List the prime factors of 16574259.
3, 13, 67, 6343
What are the prime factors of 324397?
324397
List the prime factors of 7280440.
2, 5, 182011
What are the prime factors of 1021240?
2, 5, 11, 211
What are the prime factors of 899698?
2, 599, 751
What are the prime factors of 1861996?
2, 53, 8783
List the prime factors of 637690.
2, 5, 43, 1483
What are the prime factors of 39986?
2, 19993
What are the prime factors of 8046?
2, 3, 149
What are the prime factors of 890576?
2, 55661
What are the prime factors of 413129?
413129
What are the prime factors of 8169950?
2, 5, 53, 3083
What are the prime factors of 4426268?
2, 7, 11, 2053
List the prime factors of 510296.
2, 227, 281
What are the prime factors of 1060028?
2, 265007
What are the prime factors of 1751869?
7, 250267
What are the prime factors of 445723?
17, 157, 167
List the prime factors of 430864.
2, 7, 3847
What are the prime factors of 7680601?
53, 144917
What are the prime factors of 982782?
2, 3, 71, 769
What are the prime factors of 24628?
2, 47, 131
What are the prime factors of 7921464?
2, 3, 330061
List the prime factors of 2023523.
59, 34297
List the prime factors of 10180478.
2, 7, 11, 66107
List the prime factors of 4007707.
11, 364337
List the prime factors of 16979963.
7, 11, 13, 16963
What are the prime factors of 405293?
7, 57899
What are the prime factors of 91361?
103, 887
What are the prime factors of 8771986?
2, 47, 93319
List the prime factors of 13422302.
2, 29, 231419
What are the prime factors of 2273618?
2, 1136809
List the prime factors of 1224940.
2, 5, 73, 839
What are the prime factors of 2455148?
2, 67, 9161
What are the prime factors of 1490933?
1490933
List the prime factors of 3912282.
2, 3, 11, 19759
What are the prime factors of 848923?
848923
List the prime factors of 3891334.
2, 17, 114451
List the prime factors of 208896.
2, 3, 17
List the prime factors of 7789166.
2, 7, 11, 37, 1367
What are the prime factors of 3632530?
2, 5, 11, 33023
List the prime factors of 784504.
2, 7, 14009
List the prime factors of 423564.
2, 3, 47, 751
List the prime factors of 2904316.
2, 67, 10837
List the prime factors of 1050476.
2, 7, 37517
What are the prime factors of 1945203?
3, 13, 49877
What are the prime factors of 3611197?
19, 190063
List the prime factors of 1630355.
5, 23, 14177
List the prime factors of 750606.
2, 3, 125101
What are the prime factors of 4396786?
2, 547, 4019
What are the prime factors of 184848?
2, 3, 3851
What are the prime factors of 7204692?
2, 3, 11, 54581
List the prime factors of 370059.
3, 293, 421
What are the prime factors of 9237309?
3, 37, 83219
What are the prime factors of 8369353?
8369353
List the prime factors of 1080179.
463, 2333
List the prime factors of 1329849.
3, 147761
List the prime factors of 1309039.
1309039
List the prime factors of 2816198.
2, 7, 11, 18287
What are the prime factors of 2103257?
13, 17, 31, 307
List the prime factors of 13685084.
2, 7, 47, 10399
What are the prime factors of 1332478?
2, 7, 95177
List the prime factors of 14133161.
7, 2019023
What are the prime factors of 1093403?
1093403
List the prime factors of 9457207.
223, 42409
What are the prime factors of 19369242?
2, 3, 1076069
What are the prime factors of 468011?
468011
What are the prime factors of 197058?
2, 3, 32843
List the prime factors of 191013.
3, 63671
List the prime factors of 166925.
5, 11, 607
List the prime factors of 255036.
2, 3, 53, 401
List the prime factors of 2494156.
2, 7, 281, 317
List the prime factors of 369617.
89, 4153
What are the prime factors of 2452609?
109, 22501
What are the prime factors of 8379395?
5, 47, 181, 197
What are the prime factors of 84673?
84673
What are the prime factors of 117603?
3, 73, 179
List the prime factors of 80209.
80209
List the prime factors of 133115.
5, 79, 337
What are the prime factors of 485749?
11, 44159
List the prime factors of 37144.
2, 4643
What are the prime factors of 1000734?
2, 3, 7, 23827
List the prime factors of 2526399.
3, 280711
What are the prime factors of 109515?
3, 5, 7, 149
What are the prime factors of 1981774?
2, 990887
List the prime factors of 523519.
523519
What are the prime factors of 12744601?
29, 653, 673
List the prime factors of 1554580.
2, 5, 19, 4091
What are the prime factors of 7139085?
3, 5, 23, 20693
List the prime factors of 11272095.
3, 5, 83497
What are the prime factors of 1650733?
7, 23, 10253
What are the prime factors of 55517?
7, 11, 103
List the prime factors of 634822.
2, 317411
List the prime factors of 133695.
3, 5, 2971
What are the prime factors of 804322?
2, 397, 1013
What are the prime factors of 301361?
301361
List the prime factors of 21608408.
2, 23, 117437
List the prime factors of 8625140.
2, 5, 431257
List the prime factors of 164291.
164291
What are the prime factors of 1787067?
3, 29, 41, 167
List the prime factors of 1279618.
2, 31, 20639
List the prime factors of 2830673.
293, 9661
List the prime factors of 3092650.
2, 5, 11, 5623
What are the prime factors of 121662?
2, 3, 751
List the prime factors of 8077084.
2, 2019271
List the prime factors of 184903.
184903
List the prime factors of 12639040.
2, 5, 127, 311
List the prime factors of 332781.
3, 110927
What are the prime factors of 1164174?
2, 3, 11, 31, 569
What are the prime factors of 365539?
23, 691
List the prime factors of 219241.
11, 19, 1049
What are the prime factors of 523064?
2, 151, 433
List the prime factors of 181923.
3, 7, 8663
List the prime factors of 12803085.
3, 5, 107, 2659
List the prime factors of 96407.
17, 53, 107
What are the prime factors of 11883?
3, 17, 233
What are the prime factors of 281651?
281651
What are the prime factors of 11176669?
7, 1596667
What are the prime factors of 1867642?
2, 7, 133403
What are the prime factors of 4175619?
3, 7, 198839
List the prime factors of 1940685.
3, 5, 129379
List the prime factors of 1364415.
3, 5, 13, 6997
What are the prime factors of 116059?
17, 6827
What are the prime factors of 753371?
59, 113
What are the prime factors of 4377456?
2, 3, 10133
List the prime factors of 19837.
83, 239
What are the prime factors of 854682?
2, 3, 1